{"id":20,"date":"2024-11-03T11:35:39","date_gmt":"2024-11-03T10:35:39","guid":{"rendered":"https:\/\/program.buyalla.com\/?page_id=20"},"modified":"2024-11-17T16:43:23","modified_gmt":"2024-11-17T15:43:23","slug":"dla-mlodziezy","status":"publish","type":"page","link":"https:\/\/program.buyalla.com\/?page_id=20","title":{"rendered":"DLA SAMORZ\u0104D\u00d3W"},"content":{"rendered":"\n<p><strong>Szanowni Przedstawiciele Samorz\u0105d\u00f3w,<\/strong><\/p>\n\n\n\n<p>Zapraszamy do wsp\u00f3\u0142pracy z nasz\u0105 innowacyjn\u0105 platform\u0105 sprzeda\u017cow\u0105, kt\u00f3ra aktywizuje spo\u0142ecznie i gospodarczo ludzi zar\u00f3wno m\u0142odych, jak i starszych. Wierzymy, \u017ce razem mo\u017cemy zbudowa\u0107 silniejsze, bardziej zintegrowane i wspieraj\u0105ce si\u0119 spo\u0142eczno\u015bci.<\/p>\n\n\n\n<p>Buyalla.com jest nie tylko miejscem wymiany handlowej, ale tak\u017ce katalizatorem pozytywnych zmian w spo\u0142eczno\u015bciach lokalnych. Nasza platforma k\u0142adzie du\u017cy nacisk na edukacj\u0119 biznesow\u0105, organizowanie akcji charytatywnych dla uczni\u00f3w i senior\u00f3w oraz aktywizacj\u0119 spo\u0142eczn\u0105. Dzi\u0119ki wsp\u00f3\u0142pracy z samorz\u0105dami, mo\u017cemy wsp\u00f3lnie dzia\u0142a\u0107 na rzecz lepszego jutra, wspieraj\u0105c przy tym tych, kt\u00f3rzy najbardziej tego potrzebuj\u0105.<\/p>\n\n\n\n<p>Nasza platforma oferuje unikatowe rozwi\u0105zania, kt\u00f3re mog\u0105 przynie\u015b\u0107 korzy\u015bci dla Waszych samorz\u0105d\u00f3w:<\/p>\n\n\n\n<ol class=\"wp-block-list\">\n<li><strong>Aktywizacja Lokalna<\/strong>: Dzi\u0119ki naszej platformie mieszka\u0144cy, zar\u00f3wno m\u0142odzi, jak i starsi, maj\u0105 mo\u017cliwo\u015b\u0107 aktywnego uczestnictwa w \u017cyciu gospodarczym i spo\u0142ecznym. To szansa na rozw\u00f3j lokalnej przedsi\u0119biorczo\u015bci oraz tworzenie nowych miejsc pracy.<\/li>\n\n\n\n<li><strong>Edukacja i Rozw\u00f3j<\/strong>: Organizujemy warsztaty, szkolenia i webinaria, kt\u00f3re pomagaj\u0105 naszym u\u017cytkownikom rozwija\u0107 nowe umiej\u0119tno\u015bci oraz dzieli\u0107 si\u0119 wiedz\u0105. Wsp\u00f3\u0142praca z nami to inwestycja w edukacj\u0119 i przysz\u0142o\u015b\u0107 lokalnej spo\u0142eczno\u015bci.<\/li>\n\n\n\n<li><strong>Integracja Mi\u0119dzypokoleniowa<\/strong>: Tworzymy przestrze\u0144, w kt\u00f3rej r\u00f3\u017cne grupy wiekowe mog\u0105 wsp\u00f3\u0142pracowa\u0107, uczy\u0107 si\u0119 od siebie nawzajem i wsp\u00f3lnie realizowa\u0107 projekty. To sprzyja budowaniu wi\u0119zi mi\u0119dzypokoleniowych oraz wzajemnemu wsparciu.<\/li>\n\n\n\n<li><strong>Wzmocnienie Spo\u0142eczno\u015bci<\/strong>: Wsp\u00f3\u0142praca z nasz\u0105 platform\u0105 to mo\u017cliwo\u015b\u0107 wzmocnienia lokalnych wi\u0119zi spo\u0142ecznych i wspierania lokalnej gospodarki.<\/li>\n\n\n\n<li><strong>Akcje charytatywne: <\/strong>Elementem dzia\u0142ania platformy s\u0105 akcje charytatywne na rzecz potrzebuj\u0105cych, aktywizuj\u0105ce spo\u0142ecznie od m\u0142odzie\u017cy po senior\u00f3w.<\/li>\n<\/ol>\n\n\n\n<p>Przy Pa\u0144stwa minimalnym zaanga\u017cowaniu, polegaj\u0105cym na poparciu projektu oraz skierowaniu nas do szk\u00f3\u0142, organizacji pozarz\u0105dowych czy grup senioralnych, wsp\u00f3lnie mo\u017cemy osi\u0105gn\u0105\u0107 bardzo wiele. Wsparcie samorz\u0105d\u00f3w ma kluczowe znaczenie dla sukcesu naszych inicjatyw. Wierzymy, \u017ce razem mo\u017cemy osi\u0105gn\u0105\u0107 wi\u0119cej, promuj\u0105c edukacj\u0119, dobroczynno\u015b\u0107 oraz aktywizacj\u0119 spo\u0142eczn\u0105.  Wierzymy, \u017ce razem mo\u017cemy stworzy\u0107 lepsze warunki do \u017cycia i rozwoju dla mieszka\u0144c\u00f3w Waszych samorz\u0105d\u00f3w.<\/p>\n\n\n\n<p>Zapraszamy do kontaktu i rozmowy na temat mo\u017cliwo\u015bci wsp\u00f3\u0142pracy w dzia\u0142aniu na rzecz pozytywnych zmian.<\/p>\n\n\n\n<p>Kontakt:<\/p>\n\n\n\n<p>E-mail: program@buyalla.com<\/p>\n\n\n\n<p>Tel. +48 780 610 770<\/p>\n","protected":false},"excerpt":{"rendered":"<p>Szanowni Przedstawiciele Samorz\u0105d\u00f3w, Zapraszamy do wsp\u00f3\u0142pracy z nasz\u0105 innowacyjn\u0105 platform\u0105 [&hellip;]<\/p>\n","protected":false},"author":1,"featured_media":0,"parent":0,"menu_order":0,"comment_status":"closed","ping_status":"closed","template":"","meta":{"footnotes":""},"class_list":["post-20","page","type-page","status-publish","hentry"],"_links":{"self":[{"href":"https:\/\/program.buyalla.com\/index.php?rest_route=\/wp\/v2\/pages\/20","targetHints":{"allow":["GET"]}}],"collection":[{"href":"https:\/\/program.buyalla.com\/index.php?rest_route=\/wp\/v2\/pages"}],"about":[{"href":"https:\/\/program.buyalla.com\/index.php?rest_route=\/wp\/v2\/types\/page"}],"author":[{"embeddable":true,"href":"https:\/\/program.buyalla.com\/index.php?rest_route=\/wp\/v2\/users\/1"}],"replies":[{"embeddable":true,"href":"https:\/\/program.buyalla.com\/index.php?rest_route=%2Fwp%2Fv2%2Fcomments&post=20"}],"version-history":[{"count":8,"href":"https:\/\/program.buyalla.com\/index.php?rest_route=\/wp\/v2\/pages\/20\/revisions"}],"predecessor-version":[{"id":157,"href":"https:\/\/program.buyalla.com\/index.php?rest_route=\/wp\/v2\/pages\/20\/revisions\/157"}],"wp:attachment":[{"href":"https:\/\/program.buyalla.com\/index.php?rest_route=%2Fwp%2Fv2%2Fmedia&parent=20"}],"curies":[{"name":"wp","href":"https:\/\/api.w.org\/{rel}","templated":true}]}}